e 12, what is 2ba00996 + 0?
2ba00996
In base 6, what is -142201051431 + -4?
-142201051435
In base 2, what is 111010110110011101110010 - -101?
111010110110011101110111
In base 14, what is -db8487 - 5?
-db848c
In base 11, what is -22 - -a131?
a10a
In base 14, what is 6 + -3b6ab97?
-3b6ab91
In base 11, what is -188127 - -872?
-187365
In base 5, what is -122233121 + 431?
-122232140
In base 4, what is 2 - -13303200001231?
13303200001233
In base 9, what is -3 + -3767558?
-3767562
In base 8, what is -5 - 1211351?
-1211356
In base 13, what is 2797 + 4ba?
2c84
In base 13, what is -5a2188 - -86?
-5a2102
In base 15, what is 3abd7e4 + -9?
3abd7da
In base 5, what is -4 + -20334342134?
-20334342143
In base 14, what is 154cc + 10d5?
165c3
In base 15, what is -cde - 27880?
-2866e
In base 16, what is 3 + -584626?
-584623
In base 11, what is 11a33343 - -1?
11a33344
In base 15, what is -1 + -180009?
-18000a
In base 6, what is 1013344045 - 3?
1013344042
In base 11, what is 26933 - 11?
26922
In base 3, what is -11120102112222 - 101?
-11120102120100
In base 9, what is 4 - 25517041?
-25517036
In base 15, what is -38b - -e798?
e40c
In base 3, what is -1 + -22021012121201010?
-22021012121201011
In base 5, what is 1012 - 33311344?
-33310332
In base 13, what is -c8a6 + 2b5?
-c5c1
In base 3, what is 12212222200 - -1200?
12220001100
In base 3, what is 1220201211211010100 + -10?
1220201211211010020
In base 13, what is 7 + 81814?
8181b
In base 10, what is 0 + 577397?
577397
In base 6, what is -2133442511 + -1?
-2133442512
In base 12, what is -10 - -2ab0602?
2ab05b2
In base 3, what is 1210112222 - -110112?
1211000111
In base 4, what is -10131 - 102033321?
-102110112
In base 9, what is 28 + -5373046?
-5373017
In base 2, what is -10011111 + -101000101011100000?
-101000101101111111
In base 13, what is -a201 - -164?
-a06a
In base 8, what is 20157 - -142702?
163061
In base 14, what is -2224d - cd?
-2233c
In base 12, what is -28a4 - 1513?
-41b7
In base 15, what is -5 + -5d2ecd?
-5d2ed3
In base 10, what is -57 + 3282496?
3282439
In base 3, what is -2012221 + -210022021?
-212112012
In base 15, what is -2a2 - -662?
3b0
In base 3, what is -11212 + -221110021220020?
-221110022002002
In base 11, what is -2 + 5363050?
5363049
In base 6, what is 301100 + -2442?
254214
In base 5, what is 340 + -130211034?
-130210144
In base 5, what is 132 + -22132340?
-22132203
In base 6, what is -1301 - -421521?
420220
In base 3, what is -201110110200 + 102?
-201110110021
In base 7, what is -2 + 544021235?
544021233
In base 7, what is 6 - 1046040064?
-1046040055
In base 4, what is 11 - 2213030131?
-2213030120
In base 12, what is -100210b5 + -1?
-100210b6
In base 11, what is -426 - -1694?
1269
In base 10, what is -55356 - -4980?
-50376
In base 11, what is 1487647 - 227?
1487420
In base 4, what is -3 + -2103211302013?
-2103211302022
In base 16, what is -384996 + -c?
-3849a2
In base 9, what is -1 - -26851386?
26851385
In base 12, what is 1150 + 15688?
16818
In base 12, what is -99b752 - 32?
-99b784
In base 6, what is 113543 + 104135?
222122
In base 6, what is -5 - -50234404?
50234355
In base 5, what is -131 - 334141432?
-334142113
In base 2, what is 1011000110101010001 + -110111?
1011000110100011010
In base 16, what is -1 + -1257bc?
-1257bd
In base 11, what is -65258 + 1727?
-63631
In base 14, what is -779b54 + -4a?
-779ba0
In base 7, what is -3162251 + 1052?
-3161166
In base 15, what is -5 + 124b88?
124b83
In base 7, what is -300332605 + -4?
-300332612
In base 11, what is -4562230 + 53?
-4562188
In base 15, what is 204a65 + 10?
204a75
In base 10, what is 101515 + 1134?
102649
In base 8, what is -1643575 + 1403?
-1642172
In base 2, what is 0 - -1101001011100000000100111?
1101001011100000000100111
In base 9, what is 72813 - -3884?
76807
In base 10, what is 4490 - 79603?
-75113
In base 4, what is 1012011211030 - -10?
1012011211100
In base 9, what is 15677827 + 7?
15677835
In base 11, what is 58823 - -641?
59364
In base 14, what is -2 - 67a2676?
-67a2678
In base 15, what is -3 - b85e73?
-b85e76
In base 2, what is -1101 + 1110011010000101110?
1110011010000100001
In base 7, what is -4146125 - 60?
-4146215
In base 10, what is 1062 + 2416?
3478
In base 9, what is -373723603 - 1?
-373723604
In base 3, what is -111001201122101 - -111?
-111001201121220
In base 14, what is 3b - -7c100?
7c13b
In base 13, what is 614577 + -2?
614575
In base 8, what is -1 - -130321222?
130321221
In base 12, what is 9 - -475b64a2?
475b64ab
In base 5, what is 334224 - 41304?
242420
In base 16, what is 2a8a2 - -48?
2a8ea
In base 10, what is 1 - -89034404?
89034405
In base 7, what is 366 + 223554?
224253
In base 4, what is -232321020 + 10202?
-232310212
In base 10, what is -37806088 - 1?
-37806089
In base 12, what is b3a62 - -2604?
b6466
In base 13, what is -56807057 - -3?
-56807054
In base 4, what is 2233320331230 - 10?
2233320331220
In base 16, what is 7de968 + -6?
7de962
In base 16, what is -198f + -1c5d4?
-1df63
In base 8, what is 2052677 - -123?
2053022
In base 10, what is -58 - 664943?
-665001
In base 12, what is -72 - -65317?
65265
In base 5, what is 4121134221 + 132?
4121134403
In base 9, what is -5 - 2755844?
-2755850
In base 8, what is -26451326 + -4?
-26451332
In base 10, what is 3 - -26414233?
26414236
In base 11, what is -4507 - 6191?
-a698
In base 12, what is -10614b + 99?
-106072
In base 3, what is -121200211100 + -22?
-121200211122
In base 11, what is -20a + 53733?
53524
In base 10, what is -35 - 10324?
-10359
In base 11, what is -485065 + 4?
-485061
In base 13, what is -a - 352453?
-352460
In base 15, what is -7d10d + -1d?
-7d12b
In base 15, what is -553 + 927?
3c4
In base 12, what is -1306 + 2807?
1501
In base 3, what is -1020020110 - -21012?
-1012222021
In base 14, what is 2a96 - -40b4?
6b6a
In base 3, what is 10200001211 - 10122?
10122221012
In base 12, what is -2a9a0a - -10?
-2a99ba
In base 10, what is 2 + -197455839?
-197455837
In base 9, what is -1251 - -1105545?
1104284
In base 3, what is -110222100 + 20221122122?
20110200022
In base 10, what is -59117 - -1511?
-57606
In base 8, what is 2 + -22510143?
-22510141
In base 5, what is 441 + -1222402?
-1221411
In base 14, what is -639 + -21297?
-218d2
In base 14, what is -1a6 - 63a8d?
-63c55
In base 11, what is -109 - -55316?
55208
In base 8, what is 2 - 12432223?
-12432221
In base 4, what is 3 + 130310120?
130310123
In base 5, what is -143040324441 - -10?
-143040324431
In base 12, what is -18a4b0708 + 2?
-18a4b0706
In base 12, what is 16 - -139213?
139229
In base 11, what is 370 + 6308?
6678
In base 3, what is -1122011111000 + 1?
-1122011110222
In base 11, what is 129234 + 4a?
129283
In base 15, what is -11d5 + -9e0?
-1bc5
In base 5, what is 2 - -3332304100?
3332304102
In base 12, what is 1a21 - -185?
1ba6
In base 9, what is -1 - -423173?
423172
In base 4, what is -10 + 112201031312231?
112201031312221
In base 14, what is 59c9752d + 3?
59c97532
In base 5, what is -4 + 203341421?
203341412
In base 15, what is 37 + 2be8c?
2bec4
In base 16, what is 11d0b0 + -5?
11d0ab
In base 11, what is 525475 - 35?
525440
In base 3, what is -22112010112111 + -102?
-22112010112220
In base 7, what is -50605 + -333314?
-414222
In base 4, what is 3022313232310 + 3?
3022313232313
In base 12, what is -644a + 8653?
2205
In base 6, what is 3 - -1353302051?
1353302054
In base 13, what is 2 - -853a3a?
853a3c
In base 8, what is 20 - 45002?
-44762
In base 5, what is 14 + -442100440?
-442100421
In base 8, what is -1 - 152330?
-152331
In base 8, what is 22 + 737756?
740000
In base 9, what is -615 - 56030?
-56645
In base 11, what is -2751a4a6 + -3?
-2751a4a9
In base 13, what is 3 + -3caa99?
-3caa96
In base 9, what is 2080 + -160?
1820
In base 12, what is 281a68 + -19?
281a4b
In base 4, what is -31003021122032 - 0?
-31003021122032
In base 11, what is 1398 + -32628?
-31240
In base 6, what is -2055 + -11534?
-14033
In base 13, what is -797bba - -c?
-797bab
In base 8, what is -14 - 11167053?
-11167067
In base 15, what is 891e5881 - -1?
891e5882
In base 16, what is -15b65 - 5ae?
-16113
In base 14, what is -24302d + -134?
-243163
In base 9, what is 63846678 - 7?
63846671
In base 12, what is -29839b2 - 7?
-29839b9
In base 15, what is d0d - 6b7?
646
In base 5, what is -304142323430 + -1?
-304142323431
In base